{"id":57,"date":"2025-12-03T20:03:01","date_gmt":"2025-12-03T20:03:01","guid":{"rendered":"https:\/\/consulting.liristech.com\/?page_id=57"},"modified":"2026-01-12T18:26:59","modified_gmt":"2026-01-12T18:26:59","slug":"notre-equipe","status":"publish","type":"page","link":"https:\/\/consulting.liristech.com\/index.php\/notre-equipe\/","title":{"rendered":"Notre \u00e9quipe"},"content":{"rendered":"\n<h2 class=\"wp-block-heading has-text-align-center\">A propos<\/h2>\n\n\n\n<div class=\"wp-block-group has-global-padding is-layout-constrained wp-block-group-is-layout-constrained\">\n<p class=\"has-text-align-center\"><strong>Liris Consulting<\/strong> est un cabinet fond\u00e9 avec une conviction simple.<\/p>\n\n\n\n<p class=\"has-text-align-center\">Nous accompagnons les acteurs de l\u2019ing\u00e9nierie, de la construction et de l\u2019\u00e9nergie avec une approche professionnelle, flexible, et profond\u00e9ment attentive \u00e0 vos besoins.<\/p>\n\n\n\n<div class=\"wp-block-media-text is-stacked-on-mobile\"><figure class=\"wp-block-media-text__media\"><img loading=\"lazy\" decoding=\"async\" width=\"1024\" height=\"683\" src=\"https:\/\/consulting.liristech.com\/wp-content\/uploads\/2025\/12\/pexels-andy-barbour-6684360-1024x683.jpg\" alt=\"\" class=\"wp-image-354 size-full\" srcset=\"https:\/\/consulting.liristech.com\/wp-content\/uploads\/2025\/12\/pexels-andy-barbour-6684360-1024x683.jpg 1024w, https:\/\/consulting.liristech.com\/wp-content\/uploads\/2025\/12\/pexels-andy-barbour-6684360-300x200.jpg 300w, https:\/\/consulting.liristech.com\/wp-content\/uploads\/2025\/12\/pexels-andy-barbour-6684360-768x512.jpg 768w, https:\/\/consulting.liristech.com\/wp-content\/uploads\/2025\/12\/pexels-andy-barbour-6684360-1536x1024.jpg 1536w, https:\/\/consulting.liristech.com\/wp-content\/uploads\/2025\/12\/pexels-andy-barbour-6684360-2048x1365.jpg 2048w\" sizes=\"auto, (max-width: 1024px) 100vw, 1024px\" \/><\/figure><div class=\"wp-block-media-text__content\">\n<h3 class=\"wp-block-heading\">Nos valeurs<\/h3>\n\n\n\n<p><strong>Humanit\u00e9<\/strong> : comprendre avant d\u2019agir.<\/p>\n\n\n\n<p><strong>Transparence<\/strong> : dire les choses telles qu\u2019elles sont, avec respect.<\/p>\n\n\n\n<p><strong>Engagement<\/strong> : \u00eatre pr\u00e9sent, r\u00e9actif et disponible.<\/p>\n\n\n\n<p><strong>Excellence<\/strong> : offrir un travail s\u00e9rieux, rigoureux, \u00e0 la hauteur de vos attentes.<\/p>\n<\/div><\/div>\n\n\n\n<div class=\"wp-block-media-text is-stacked-on-mobile\"><figure class=\"wp-block-media-text__media\"><img loading=\"lazy\" decoding=\"async\" width=\"1024\" height=\"684\" src=\"https:\/\/consulting.liristech.com\/wp-content\/uploads\/2025\/12\/pexels-cristian-rojas-8853499-1-1024x684.jpg\" alt=\"\" class=\"wp-image-386 size-full\" srcset=\"https:\/\/consulting.liristech.com\/wp-content\/uploads\/2025\/12\/pexels-cristian-rojas-8853499-1-1024x684.jpg 1024w, https:\/\/consulting.liristech.com\/wp-content\/uploads\/2025\/12\/pexels-cristian-rojas-8853499-1-300x200.jpg 300w, https:\/\/consulting.liristech.com\/wp-content\/uploads\/2025\/12\/pexels-cristian-rojas-8853499-1-768x513.jpg 768w, https:\/\/consulting.liristech.com\/wp-content\/uploads\/2025\/12\/pexels-cristian-rojas-8853499-1-1536x1026.jpg 1536w, https:\/\/consulting.liristech.com\/wp-content\/uploads\/2025\/12\/pexels-cristian-rojas-8853499-1-2048x1368.jpg 2048w\" sizes=\"auto, (max-width: 1024px) 100vw, 1024px\" \/><\/figure><div class=\"wp-block-media-text__content\">\n<h3 class=\"wp-block-heading\">Notre mission<\/h3>\n\n\n\n<p>Apporter des solutions fiables, adapt\u00e9es et claires, qui vous aident \u00e0 avancer avec confiance dans vos projets.<\/p>\n\n\n\n<p>Chez nous, il n\u2019y a pas de solution toute faite.<br>Nous prenons le temps de comprendre votre vision, vos contraintes et vos priorit\u00e9s pour construire, avec vous, des r\u00e9ponses concr\u00e8tes et durables<\/p>\n<\/div><\/div>\n\n\n\n<div style=\"height:100px\" aria-hidden=\"true\" class=\"wp-block-spacer\"><\/div>\n<\/div>\n\n\n\n<div class=\"wp-block-group has-white-background-color has-background has-global-padding is-layout-constrained wp-container-core-group-is-layout-e5275f46 wp-block-group-is-layout-constrained\" style=\"margin-top:0;margin-bottom:0;padding-top:70px;padding-right:20px;padding-bottom:70px;padding-left:20px\">\n<p class=\"has-text-align-center has-black-color has-text-color has-link-color wp-elements-4aaefe3cbf60b065a014c152718abf22\" style=\"padding-top:0;padding-bottom:0\"><mark style=\"background-color:#ffa500\" class=\"has-inline-color\">Rencontrez nos experts<\/mark><\/p>\n\n\n\n<h2 class=\"wp-block-heading has-text-align-center\" style=\"margin-bottom:var(--wp--preset--spacing--30);font-size:clamp(25.014px, 1.563rem + ((1vw - 3.2px) * 1.733), 42px);font-style:normal;font-weight:600\">Des professionnels exp\u00e9riment\u00e9s au service de votre mont\u00e9e en comp\u00e9tences.<\/h2>\n\n\n\n<div class=\"wp-block-group has-global-padding is-layout-constrained wp-block-group-is-layout-constrained\" style=\"margin-top:0;margin-bottom:0\">\n<div class=\"wp-block-columns is-layout-flex wp-container-core-columns-is-layout-28f84493 wp-block-columns-is-layout-flex\">\n<div class=\"wp-block-column wow animate__animated animate__zoomIn is-layout-flow wp-block-column-is-layout-flow\">\n<figure class=\"wp-block-image aligncenter size-large is-resized has-custom-border\"><img loading=\"lazy\" decoding=\"async\" width=\"722\" height=\"1024\" src=\"https:\/\/consulting.liristech.com\/wp-content\/uploads\/2026\/01\/pexels-nana-qwacy-listowell-249813867-19098114-722x1024.jpg\" alt=\"\" class=\"wp-image-450\" style=\"border-radius:50%;aspect-ratio:1;object-fit:cover;width:283px;height:auto\" srcset=\"https:\/\/consulting.liristech.com\/wp-content\/uploads\/2026\/01\/pexels-nana-qwacy-listowell-249813867-19098114-722x1024.jpg 722w, https:\/\/consulting.liristech.com\/wp-content\/uploads\/2026\/01\/pexels-nana-qwacy-listowell-249813867-19098114-211x300.jpg 211w, https:\/\/consulting.liristech.com\/wp-content\/uploads\/2026\/01\/pexels-nana-qwacy-listowell-249813867-19098114-768x1090.jpg 768w, https:\/\/consulting.liristech.com\/wp-content\/uploads\/2026\/01\/pexels-nana-qwacy-listowell-249813867-19098114-1083x1536.jpg 1083w, https:\/\/consulting.liristech.com\/wp-content\/uploads\/2026\/01\/pexels-nana-qwacy-listowell-249813867-19098114-1443x2048.jpg 1443w, https:\/\/consulting.liristech.com\/wp-content\/uploads\/2026\/01\/pexels-nana-qwacy-listowell-249813867-19098114-scaled.jpg 1804w\" sizes=\"auto, (max-width: 722px) 100vw, 722px\" \/><\/figure>\n\n\n\n<p class=\"has-text-align-center has-mdm-large-font-size\" style=\"font-style:normal;font-weight:600\">Charles KOFFI<\/p>\n\n\n\n<p class=\"has-text-align-center has-small-font-size\" style=\"margin-top:0;margin-bottom:0\">Manager<\/p>\n<\/div>\n\n\n\n<div class=\"wp-block-column wow animate__animated animate__zoomIn is-layout-flow wp-block-column-is-layout-flow\">\n<figure class=\"wp-block-image aligncenter size-large is-resized has-custom-border\"><img loading=\"lazy\" decoding=\"async\" width=\"683\" height=\"1024\" src=\"https:\/\/consulting.liristech.com\/wp-content\/uploads\/2026\/01\/pexels-victor-wellrich-2930354-17556069-683x1024.jpg\" alt=\"\" class=\"wp-image-449\" style=\"border-radius:50%;aspect-ratio:1;object-fit:cover;width:283px;height:auto\" srcset=\"https:\/\/consulting.liristech.com\/wp-content\/uploads\/2026\/01\/pexels-victor-wellrich-2930354-17556069-683x1024.jpg 683w, https:\/\/consulting.liristech.com\/wp-content\/uploads\/2026\/01\/pexels-victor-wellrich-2930354-17556069-200x300.jpg 200w, https:\/\/consulting.liristech.com\/wp-content\/uploads\/2026\/01\/pexels-victor-wellrich-2930354-17556069-768x1152.jpg 768w, https:\/\/consulting.liristech.com\/wp-content\/uploads\/2026\/01\/pexels-victor-wellrich-2930354-17556069-1024x1536.jpg 1024w, https:\/\/consulting.liristech.com\/wp-content\/uploads\/2026\/01\/pexels-victor-wellrich-2930354-17556069-1365x2048.jpg 1365w, https:\/\/consulting.liristech.com\/wp-content\/uploads\/2026\/01\/pexels-victor-wellrich-2930354-17556069-scaled.jpg 1707w\" sizes=\"auto, (max-width: 683px) 100vw, 683px\" \/><\/figure>\n\n\n\n<p class=\"has-text-align-center has-mdm-large-font-size\" style=\"font-style:normal;font-weight:600\">Emanuel KONATE<\/p>\n\n\n\n<p class=\"has-text-align-center has-small-font-size\" style=\"margin-top:0;margin-bottom:0\">Consultant<\/p>\n<\/div>\n\n\n\n<div class=\"wp-block-column wow animate__animated animate__zoomIn is-layout-flow wp-block-column-is-layout-flow\">\n<figure class=\"wp-block-image aligncenter size-large is-resized has-custom-border\"><img loading=\"lazy\" decoding=\"async\" width=\"768\" height=\"1024\" src=\"https:\/\/consulting.liristech.com\/wp-content\/uploads\/2026\/01\/pexels-kindelmedia-8487396-768x1024.jpg\" alt=\"\" class=\"wp-image-447\" style=\"border-radius:50%;aspect-ratio:1;object-fit:cover;width:283px;height:auto\" srcset=\"https:\/\/consulting.liristech.com\/wp-content\/uploads\/2026\/01\/pexels-kindelmedia-8487396-768x1024.jpg 768w, https:\/\/consulting.liristech.com\/wp-content\/uploads\/2026\/01\/pexels-kindelmedia-8487396-225x300.jpg 225w, https:\/\/consulting.liristech.com\/wp-content\/uploads\/2026\/01\/pexels-kindelmedia-8487396-1152x1536.jpg 1152w, https:\/\/consulting.liristech.com\/wp-content\/uploads\/2026\/01\/pexels-kindelmedia-8487396-1536x2048.jpg 1536w, https:\/\/consulting.liristech.com\/wp-content\/uploads\/2026\/01\/pexels-kindelmedia-8487396-scaled.jpg 1920w\" sizes=\"auto, (max-width: 768px) 100vw, 768px\" \/><\/figure>\n\n\n\n<p class=\"has-text-align-center has-mdm-large-font-size\" style=\"font-style:normal;font-weight:600\">Sara TOURE<\/p>\n\n\n\n<p class=\"has-text-align-center has-small-font-size\" style=\"margin-top:0;margin-bottom:0\">Consultant<\/p>\n<\/div>\n<\/div>\n<\/div>\n<\/div>\n\n\n\n<div class=\"wp-block-group has-global-padding is-layout-constrained wp-container-core-group-is-layout-e5275f46 wp-block-group-is-layout-constrained\" style=\"margin-top:0;margin-bottom:0;padding-top:70px;padding-right:20px;padding-bottom:70px;padding-left:20px\">\n<div class=\"wp-block-cover wow animate__animated animate__slideInUp\"><img loading=\"lazy\" decoding=\"async\" width=\"684\" height=\"1024\" class=\"wp-block-cover__image-background wp-image-391 size-large\" alt=\"\" src=\"https:\/\/consulting.liristech.com\/wp-content\/uploads\/2025\/12\/pexels-cristian-rojas-8853501-684x1024.jpg\" data-object-fit=\"cover\" srcset=\"https:\/\/consulting.liristech.com\/wp-content\/uploads\/2025\/12\/pexels-cristian-rojas-8853501-684x1024.jpg 684w, https:\/\/consulting.liristech.com\/wp-content\/uploads\/2025\/12\/pexels-cristian-rojas-8853501-200x300.jpg 200w, https:\/\/consulting.liristech.com\/wp-content\/uploads\/2025\/12\/pexels-cristian-rojas-8853501-768x1150.jpg 768w, https:\/\/consulting.liristech.com\/wp-content\/uploads\/2025\/12\/pexels-cristian-rojas-8853501-1026x1536.jpg 1026w, https:\/\/consulting.liristech.com\/wp-content\/uploads\/2025\/12\/pexels-cristian-rojas-8853501-1368x2048.jpg 1368w, https:\/\/consulting.liristech.com\/wp-content\/uploads\/2025\/12\/pexels-cristian-rojas-8853501-scaled.jpg 1710w\" sizes=\"auto, (max-width: 684px) 100vw, 684px\" \/><span aria-hidden=\"true\" class=\"wp-block-cover__background has-link-color-background-color has-background-dim-90 has-background-dim\"><\/span><div class=\"wp-block-cover__inner-container has-global-padding is-layout-constrained wp-block-cover-is-layout-constrained\">\n<div class=\"wp-block-group has-global-padding is-layout-constrained wp-container-core-group-is-layout-bea02a06 wp-block-group-is-layout-constrained\">\n<h2 class=\"wp-block-heading has-text-align-center\" style=\"margin-bottom:var(--wp--preset--spacing--30);font-size:clamp(25.014px, 1.563rem + ((1vw - 3.2px) * 1.733), 42px);font-style:normal;font-weight:600\">Formation et accompagnement<\/h2>\n\n\n\n<p class=\"has-text-align-center has-white-color has-text-color has-link-color wp-elements-63857c317bf4da56d3f430ce373bb8e7\" style=\"margin-top:var(--wp--preset--spacing--30);margin-bottom:var(--wp--preset--spacing--30)\"><strong>Des experts engag\u00e9s pour transmettre leur savoir-faire<\/strong><\/p>\n\n\n\n<p class=\"has-text-align-center has-white-color has-text-color has-link-color wp-elements-4add8f4c4a37fd8eda3d558139247064\" style=\"margin-top:var(--wp--preset--spacing--30);margin-bottom:var(--wp--preset--spacing--30)\">S\u00e9lectionn\u00e9s pour leur expertise et leur exp\u00e9rience, nos formateurs accompagnent les organisations et les professionnels dans le renforcement de leurs comp\u00e9tences techniques et manag\u00e9riales.<\/p>\n\n\n\n<div class=\"wp-block-buttons is-content-justification-center is-layout-flex wp-container-core-buttons-is-layout-a89b3969 wp-block-buttons-is-layout-flex\">\n<div class=\"wp-block-button\"><a class=\"wp-block-button__link has-white-color has-primary-background-color has-text-color has-background has-link-color has-text-align-center wp-element-button\" href=\"\/index.php\/formulaire\/\"><mark style=\"background-color:#ffa500\" class=\"has-inline-color\">Commencez une formation<\/mark><\/a><\/div>\n<\/div>\n<\/div>\n<\/div><\/div>\n<\/div>\n","protected":false},"excerpt":{"rendered":"<p>A propos Liris Consulting est un cabinet fond\u00e9 avec une conviction simple. Nous accompagnons les acteurs de l\u2019ing\u00e9nierie, de la construction et de l\u2019\u00e9nergie avec une approche professionnelle, flexible, et profond\u00e9ment attentive \u00e0 vos besoins. Nos valeurs Humanit\u00e9 : comprendre avant d\u2019agir. Transparence : dire les choses telles qu\u2019elles sont, avec respect. Engagement : \u00eatre [&hellip;]<\/p>\n","protected":false},"author":1,"featured_media":0,"parent":0,"menu_order":0,"comment_status":"closed","ping_status":"closed","template":"","meta":{"footnotes":""},"class_list":["post-57","page","type-page","status-publish","hentry"],"_links":{"self":[{"href":"https:\/\/consulting.liristech.com\/index.php\/wp-json\/wp\/v2\/pages\/57","targetHints":{"allow":["GET"]}}],"collection":[{"href":"https:\/\/consulting.liristech.com\/index.php\/wp-json\/wp\/v2\/pages"}],"about":[{"href":"https:\/\/consulting.liristech.com\/index.php\/wp-json\/wp\/v2\/types\/page"}],"author":[{"embeddable":true,"href":"https:\/\/consulting.liristech.com\/index.php\/wp-json\/wp\/v2\/users\/1"}],"replies":[{"embeddable":true,"href":"https:\/\/consulting.liristech.com\/index.php\/wp-json\/wp\/v2\/comments?post=57"}],"version-history":[{"count":7,"href":"https:\/\/consulting.liristech.com\/index.php\/wp-json\/wp\/v2\/pages\/57\/revisions"}],"predecessor-version":[{"id":468,"href":"https:\/\/consulting.liristech.com\/index.php\/wp-json\/wp\/v2\/pages\/57\/revisions\/468"}],"wp:attachment":[{"href":"https:\/\/consulting.liristech.com\/index.php\/wp-json\/wp\/v2\/media?parent=57"}],"curies":[{"name":"wp","href":"https:\/\/api.w.org\/{rel}","templated":true}]}}